greatest common factor of 15 and 150.
15
Calculate the highest common factor of 592 and 333.
37
Calculate the greatest common factor of 72 and 552.
24
What is the greatest common factor of 8099 and 91?
91
Calculate the highest common divisor of 18083 and 107.
107
What is the greatest common factor of 1836 and 102?
102
Calculate the greatest common factor of 36 and 50382.
18
Calculate the greatest common divisor of 1938 and 570.
114
What is the greatest common divisor of 304 and 19?
19
What is the greatest common factor of 114 and 418?
38
Calculate the highest common divisor of 6244 and 28.
28
Calculate the greatest common divisor of 3328 and 52.
52
Calculate the highest common factor of 1360 and 560.
80
Calculate the highest common divisor of 6 and 382.
2
Calculate the highest common divisor of 1 and 27.
1
Calculate the greatest common divisor of 205 and 164.
41
Calculate the greatest common divisor of 31 and 31.
31
Calculate the greatest common divisor of 21 and 6.
3
What is the greatest common factor of 1111 and 3737?
101
Calculate the greatest common factor of 80 and 100.
20
Calculate the greatest common divisor of 150 and 850.
50
Calculate the highest common factor of 16 and 248.
8
Calculate the greatest common factor of 996 and 12.
12
What is the highest common factor of 110 and 150?
10
What is the highest common divisor of 9 and 579?
3
Calculate the greatest common divisor of 160 and 32.
32
Calculate the greatest common divisor of 400 and 80.
80
Calculate the highest common factor of 5213 and 13.
13
What is the highest common factor of 10 and 45380?
10
What is the greatest common factor of 94 and 752?
94
What is the highest common divisor of 378 and 175?
7
What is the greatest common divisor of 16 and 1248?
16
What is the highest common divisor of 5823 and 63?
9
Calculate the greatest common factor of 416 and 260.
52
Calculate the highest common factor of 21 and 28434.
21
What is the greatest common divisor of 188 and 4?
4
What is the highest common factor of 9797 and 97?
97
What is the greatest common divisor of 836 and 228?
76
Calculate the greatest common divisor of 450 and 30.
30
What is the highest common divisor of 497 and 1775?
71
Calculate the greatest common divisor of 13014 and 54.
54
What is the highest common factor of 1781 and 13?
13
Calculate the highest common factor of 576 and 320.
64
What is the greatest common factor of 22163 and 37?
37
Calculate the highest common factor of 126 and 324.
18
Calculate the highest common factor of 180 and 225.
45
What is the greatest common factor of 9 and 909?
9
What is the highest common divisor of 12 and 9?
3
What is the greatest common factor of 80 and 5?
5
Calculate the greatest common factor of 44 and 1837.
11
What is the greatest common divisor of 16 and 60?
4
What is the highest common factor of 6950 and 278?
278
Calculate the highest common factor of 4 and 46.
2
What is the highest common divisor of 41940 and 15?
15
What is the highest common divisor of 39 and 247?
13
What is the greatest common factor of 369 and 18?
9
What is the highest common factor of 21 and 12124?
7
Calculate the greatest common divisor of 322 and 231.
7
Calculate the highest common divisor of 507 and 26.
13
Calculate the highest common factor of 276 and 33672.
276
Calculate the greatest common factor of 28 and 256.
4
Calculate the greatest common factor of 68 and 17.
17
What is the highest common divisor of 940 and 80?
20
Calculate the highest common factor of 1596 and 252.
84
Calculate the greatest common factor of 2006 and 34.
34
Calculate the highest common divisor of 1008 and 448.
112
What is the greatest common factor of 576 and 3264?
192
Calculate the greatest common divisor of 8 and 136.
8
What is the greatest common factor of 305 and 61?
61
Calculate the highest common factor of 154 and 110.
22
Calculate the highest common divisor of 70 and 238.
14
Calculate the highest common divisor of 364 and 104.
52
What is the greatest common factor of 52 and 130?
26
What is the greatest common divisor of 861 and 21?
21
Calculate the highest common divisor of 10 and 6.
2
Calculate the greatest common divisor of 153 and 663.
51
Calculate the highest common divisor of 5 and 155.
5
Calculate the highest common divisor of 164 and 205.
41
Calculate the greatest common divisor of 8091 and 1116.
279
What is the highest common divisor of 20405 and 70?
35
Calculate the greatest common factor of 195 and 75.
15
What is the highest common divisor of 72 and 3438?
18
What is the greatest common divisor of 462 and 759?
33
What is the highest common divisor of 168 and 70?
14
What is the greatest common divisor of 851 and 37?
37
What is the greatest common divisor of 26 and 78?
26
Calculate the greatest common factor of 381 and 12065.
127
Calculate the greatest common divisor of 18954 and 26.
26
Calculate the greatest common divisor of 13 and 3679.
13
What is the highest common factor of 512 and 1808?
16
What is the greatest common factor of 140 and 294?
14
What is the highest common factor of 28 and 152?
4
Calculate the greatest common factor of 156 and 12.
12
Calculate the highest common factor of 92440 and 20.
20
What is the greatest common factor of 41 and 22?
1
Calculate the highest common divisor of 189 and 126.
63
What is the highest common divisor of 63 and 168?
21
Calculate the greatest common factor of 142 and 213.
71
What is the highest common divisor of 21 and 49791?
21
What is the greatest common factor of 497 and 7?
7
Calculate the highest common factor of 123 and 28167.
123
What is the greatest common divisor of 4551 and 555?
111
Calculate the highest common factor of 324 and 72.
36
Calculate the greatest common factor of 868 and 4.
4
What is the highest common divisor of 32 and 6112?
32
Calculate the greatest common divisor of 16 and 448.
16
What is the highest common factor of 9645 and 60?
15
Calculate the highest common factor of 123 and 12669.
123
Calculate the highest common divisor of 68 and 1292.
68
Calculate the greatest common divisor of 6 and 258.
6
Calculate the highest common divisor of 2761 and 11.
11
What is the highest common divisor of 42 and 1008?
42
Calculate the highest common factor of 41 and 861.
41
What is the greatest common divisor of 167 and 57949?
167
Calculate the greatest common divisor of 6682 and 52.
26
What is the greatest common divisor of 140 and 180?
20
What is the greatest common divisor of 35 and 259?
7
Calculate the greatest common factor of 90 and 80.
10
What is the highest common divisor of 3611 and 23?
23
Calculate the highest common divisor of 63 and 357.
21
Calculate the greatest common factor of 3216 and 96.
48
What is the highest common factor of 74 and 481?
37
What is the greatest common divisor of 11 and 869?
11
Calculate the highest common divisor of 287 and 161.
7
Calculate the highest common divisor of 6457 and 11.
11
What is the highest common factor of 3 and 27?
3
What is the greatest common divisor of 385 and 35?
35
What is the greatest common factor of 24 and 876?
12
What is the greatest common divisor of 196 and 168?
28
Calculate the highest common divisor of 2824 and 6.
2
Calculate the greatest common factor of 58 and 551.
29
What is the greatest common factor of 51 and 34?
17
Calculate the greatest common factor of 6 and 74.
2
Calculate the highest common divisor of 60 and 5340.
60
What is the highest common factor of 33 and 319?
11
What is the greatest common factor of 146 and 9198?
146
Calculate the greatest common factor of 49 and 9457.
49
Calculate the greatest common factor of 2507 and 46.
23
What is the highest common divisor of 55 and 1309?
11
Calculate the highest common factor of 407 and 888.
37
What is the greatest common factor of 2312 and 1088?
136
Calculate the greatest common factor of 7536 and 72.
24
What is the highest common factor of 13398 and 348?
174
What is the highest common divisor of 256 and 20?
4
What is the greatest common factor of 18 and 7230?
6
What is the highest common divisor of 8 and 40?
8
What is the highest common divisor of 33 and 4829?
11
Calculate the greatest common factor of 286 and 702.
26
Calculate the highest common divisor of 60 and 580.
20
Calculate the highest common factor of 25 and 880.
5
Calculate the hig